{"id":303,"date":"2016-04-09T10:21:51","date_gmt":"2016-04-09T08:21:51","guid":{"rendered":"https:\/\/atomi.gymgmunden.at\/?page_id=303"},"modified":"2018-10-14T22:21:00","modified_gmt":"2018-10-14T20:21:00","slug":"exe","status":"publish","type":"page","link":"https:\/\/atomi.gymgmunden.at\/index.php\/exe\/","title":{"rendered":"EXE"},"content":{"rendered":"<h3 style=\"text-align: justify;\"><span style=\"color: #dd9933;\">Experimentale<\/span><\/h3>\n<p style=\"text-align: justify;\"><img loading=\"lazy\" decoding=\"async\" class=\"aligncenter wp-image-747 size-full\" src=\"https:\/\/atomi.gymgmunden.at\/wp-content\/uploads\/2016\/04\/tdot-1.jpg\" alt=\"tdot\" width=\"3731\" height=\"1520\" srcset=\"https:\/\/atomi.gymgmunden.at\/wp-content\/uploads\/2016\/04\/tdot-1.jpg 1024w, https:\/\/atomi.gymgmunden.at\/wp-content\/uploads\/2016\/04\/tdot-1-300x122.jpg 300w, https:\/\/atomi.gymgmunden.at\/wp-content\/uploads\/2016\/04\/tdot-1-768x313.jpg 768w, https:\/\/atomi.gymgmunden.at\/wp-content\/uploads\/2016\/04\/tdot-1-1200x489.jpg 1200w\" sizes=\"auto, (max-width: 3731px) 100vw, 3731px\" \/><\/p>\n<p style=\"text-align: justify;\">Alle zwei Jahre pr\u00e4sentieren Hunderte Sch\u00fclerInnen selbst erdachte und umgesetzte naturwissenschaftliche Experimente der \u00d6ffentlichkeit und laden zum Mitmachen ein. Die\u00a0Internationale Akademie Traunkirchen ist einer der Schaupl\u00e4tze in Ober\u00f6sterreich, an dem chemische, physikalische und biologische Versuche gezeigt werden.<\/p>\n<p style=\"text-align: justify;\"><a href=\"https:\/\/atomi.gymgmunden.at\/index.php\/2017\/03\/12\/exe-2017\/\">EXE 2017<\/a><br \/>\nLeo WEIDINGER, Andreas AKALOVIC, Simon DAUSER, Francesca HEMETSBERGER, Lukas H\u00d6LLER, Alina LICHTENBERG, Lea ATTWENGER (alle 6CR)<\/p>\n<p style=\"text-align: justify;\"><a href=\"https:\/\/atomi.gymgmunden.at\/index.php\/2016\/04\/08\/exe-2015\/\">EXE 2015<\/a><br \/>\nDominik REITER (7B), Felix PAMMINGER (7B), Florian EGGER (7B), Diellza ZYMERAJ (7B), Birgit FRITZ (7B), Sarah NATSCHL\u00c4GER (7B), Alexander SPREITZER (7B)<\/p>\n<p><a href=\"https:\/\/atomi.gymgmunden.at\/index.php\/2016\/04\/08\/exe-2013\/\">EXE 2013<br \/>\n<\/a>Christoph HILLINGER (7CR), Bernhard FRICK (7CR), Moritz DEGN (7CR), Tobias PIESCH (7CR), Christian JIN (7CR), Lukas SCHUSTER (7CR)<\/p>\n","protected":false},"excerpt":{"rendered":"<p>Experimentale Alle zwei Jahre pr\u00e4sentieren Hunderte Sch\u00fclerInnen selbst erdachte und umgesetzte naturwissenschaftliche Experimente der \u00d6ffentlichkeit und laden zum Mitmachen ein.<\/p>\n","protected":false},"author":2,"featured_media":0,"parent":0,"menu_order":0,"comment_status":"closed","ping_status":"closed","template":"","meta":{"footnotes":""},"class_list":["post-303","page","type-page","status-publish","hentry"],"_links":{"self":[{"href":"https:\/\/atomi.gymgmunden.at\/index.php\/wp-json\/wp\/v2\/pages\/303","targetHints":{"allow":["GET"]}}],"collection":[{"href":"https:\/\/atomi.gymgmunden.at\/index.php\/wp-json\/wp\/v2\/pages"}],"about":[{"href":"https:\/\/atomi.gymgmunden.at\/index.php\/wp-json\/wp\/v2\/types\/page"}],"author":[{"embeddable":true,"href":"https:\/\/atomi.gymgmunden.at\/index.php\/wp-json\/wp\/v2\/users\/2"}],"replies":[{"embeddable":true,"href":"https:\/\/atomi.gymgmunden.at\/index.php\/wp-json\/wp\/v2\/comments?post=303"}],"version-history":[{"count":11,"href":"https:\/\/atomi.gymgmunden.at\/index.php\/wp-json\/wp\/v2\/pages\/303\/revisions"}],"predecessor-version":[{"id":2740,"href":"https:\/\/atomi.gymgmunden.at\/index.php\/wp-json\/wp\/v2\/pages\/303\/revisions\/2740"}],"wp:attachment":[{"href":"https:\/\/atomi.gymgmunden.at\/index.php\/wp-json\/wp\/v2\/media?parent=303"}],"curies":[{"name":"wp","href":"https:\/\/api.w.org\/{rel}","templated":true}]}}